 divided by y?
5
Suppose 0 = 5*l + 102 - 217. Calculate the remainder when 179 is divided by l.
18
Let y = 41 - 12. Suppose -2*t - t = -39. What is the remainder when y is divided by 2 - 5/((-5)/t)?
14
Suppose 1872 = -5*s - s. What is the remainder when ((-2)/(-6))/((-4)/s) is divided by 14?
12
Suppose 4*r - 233 = -3*z, -5*z = -3*z - 4*r - 122. Calculate the remainder when 279 is divided by z.
66
Let f = 376 + -318. What is the remainder when 186 is divided by f?
12
Suppose -2*x + 0*x = 0. Suppose 2*i + 5*z = 14, -5*i + 2 = -4*z - x*z. Suppose 3*t + i*t - 245 = 0. What is the remainder when t is divided by 17?
15
Suppose -5*g + 12 - 7 = 0. Let c be (21/(-12))/(g/(-4)). Calculate the remainder when 38 is divided by (c/1)/(1/2).
10
Suppose 747*u - 753*u = -198. What is the remainder when 756 is divided by u?
30
Suppose 3*g + 125 = 2*y, 0*y = -y - 2*g + 59. Suppose 2*b - y = 17. Calculate the remainder when b is divided by 14.
11
Let s(d) = -7*d**2 + 6*d**2 + 9 - 6 - 9*d + 4. Calculate the remainder when 19 is divided by s(-9).
5
Let s(p) = 4*p - 18. Let z be s(11). Let h = 42 - z. What is the remainder when 93 is divided by h?
13
Suppose -7 = -5*t + 68. Suppose 5*a = -w + 4 + t, 2*a = 8. What is the remainder when ((-5 - w) + 3)*-23 is divided by 6?
5
Let a(t) = t**2 - 6*t - 1. Let i be a(7). Let d be (-36)/(-54) + 416/i. Let m = d - 50. What is the remainder when m is divided by 6?
2
Suppose z = -2*z + 6. Let c be ((-18)/(-3))/z - -13. Suppose -c*m = -13*m - 66. What is the remainder when m is divided by 5?
2
Let i = 9 - 9. Suppose 0*m - 50 = -3*m + 2*v, 5*v + 90 = 5*m. Calculate the remainder when (0 - 3) + (42 - i) is divided by m.
11
Suppose -3*a + 3*x = -30, 6*a = a + 3*x + 48. What is the remainder when 16 is divided by a?
7
Suppose -5 = 2*f - 2*u - 13, 4*f = -3*u + 51. Suppose 217 - 82 = 9*a. Calculate the remainder when a is divided by f.
6
Let v(f) = -f**3 + 2*f**2 + 11*f - 7. Calculate the remainder when 178 is divided by v(-4).
43
Suppose -k + 3*m + 26 = 0, -5*m = 2*k - k - 42. Calculate the remainder when 120 is divided by k.
24
Let g = -35 + 44. Let z = 6 + -2. What is the remainder when g is divided by z?
1
Let f(t) be the first derivative of 3*t**4/4 - t**3/3 - t**2 + 3*t - 5. Let c = 23 + -13. Calculate the remainder when f(2) is divided by c.
9
Let o be (-111)/(-27) + (-5)/45. Suppose -2*m - 108 = -4*z - 0*z, -112 = -o*z + 3*m. Calculate the remainder when 71 is divided by z.
21
Suppose 27*p - 20*p = 728. What is the remainder when p is divided by 56?
48
Suppose -71 - 34 = -5*i. Let v = i - 19. Suppose g - v = 0, g = -3*w - 12 + 53. Calculate the remainder when 51 is divided by w.
12
Let z = -5 + 5. Let m be (z + -1)/1*-9. Suppose a = -0*a + m. Calculate the remainder when a is divided by 4.
1
Suppose 8*j + 215 = n - 144, 0 = -5*n + 3*j + 1943. What is the remainder when n is divided by 14?
13
Let n(g) = g**2 + 2*g + 1. Suppose 0 = 5*d - 11 + 26. Let f be n(d). Suppose -l + 55 = f*l. What is the remainder when 42 is divided by l?
9
Let j(c) = -c**3 + c**2 - 23*c + 16. What is the remainder when j(-6) is divided by 103?
97
Suppose j - 192 = -3*j. Let a(d) = d**3 + 5*d**2 - 16*d - 26. Calculate the remainder when j is divided by a(-2).
12
Let p(f) = f**2 - 2. What is the remainder when p(-6) is divided by 7925/875 - 6/105?
7
Let s(x) = x**2 + 8*x + 6. Suppose 10 = u + 19. What is the remainder when 58 is divided by s(u)?
13
Suppose 21*q - 1 = 20*q. Let o be (1/(-3))/(2/(-24)). Let a = o + q. Calculate the remainder when 12 is divided by a.
2
Let k = 37 - -11. Suppose w + 3*w - k = 0. What is the remainder when w is divided by 7?
5
Suppose 232*w - 231*w - 52 = 0. What is the remainder when 98 is divided by w?
46
Let i = -8 + 20. Let v be 1 + i/(-4) - 3. Let m = 4 - v. What is the remainder when 24 is divided by m?
6
Suppose 4*d - 21 = -w, -5*d - 3 = -2*d - 3*w. Suppose -d*t + 2*t - 34 = 0. Let c = -1 - t. Calculate the remainder when 31 is divided by c.
15
Suppose 125*f = 120*f + 5*r + 80, 0 = 4*r + 8. What is the remainder when 45 is divided by f?
3
Suppose -4*o + y = -17 + 1, -2*y + 4 = 4*o. Suppose 0 = x + 3*x - 36. Calculate the remainder when x is divided by o.
0
Let b(v) = v**2 + 3*v - 4. Let x be b(-5). Suppose 3*n - x + 0 = 0, -3*t + 1 = -4*n. Let p = -141 - -151. Calculate the remainder when p is divided by t.
1
Suppose 2 = -4*q + 14. Suppose -q*p - 65 = -5*p + v, 2*p + 2*v = 80. What is the remainder when 139 is divided by p?
34
Calculate the remainder when (((-1134)/28)/27)/(3/(-44)) is divided by 5.
2
Suppose -5*r = -16 - 39. Suppose 64 = -q + 3*q. What is the remainder when q is divided by r?
10
Suppose d = 4, y + d - 1264 = -4*y. Calculate the remainder when y is divided by 17.
14
Suppose -5*j + 4*x - 98 = 0, 70 = -4*j - 0*j - x. Let c = 31 + j. What is the remainder when 50 is divided by c?
11
Suppose -3*z - 3 = -2*d - 4*z, -z - 18 = -5*d. What is the remainder when 4 is divided by d?
1
Let u(d) = 2*d**2 + 1. Let k be u(-1). Suppose 0 = -i + k. Let g(b) = 3*b**2 + 46*b - 46. Calculate the remainder when i is divided by g(1).
0
Let s = -24 - -35. Let h = 9 - 4. Suppose 4*l + i - 75 = -0*i, 0 = 5*l - h*i - 100. Calculate the remainder when l is divided by s.
8
Let d(h) be the third derivative of -h**5/60 + h**4/12 + 2*h**3 + 5*h**2. What is the remainder when d(0) is divided by 5?
2
Suppose 7*q = -4511 + 4924. Calculate the remainder when 134 is divided by q.
16
Let y = 3 + -3. Suppose 0 = 5*m - y*s - 2*s - 113, -s = -m + 22. Let h = -136 - -203. Calculate the remainder when h is divided by m.
21
Let j = -2 + 5. Let m = 16 + -12. Suppose -8*l + 1 = i - 4*l, -4 = -4*i - m*l. What is the remainder when j is divided by i?
0
Let r(f) be the second derivative of -7*f**3/6 - f. Calculate the remainder when r(-1) is divided by 4.
3
Let v = 2046 - 1999. What is the remainder when 281 is divided by v?
46
Let o = -8 + 4. Let j(i) = -i**3 - 4*i**2 - 7*i - 5. Let t be j(o). Let m = 34 - t. What is the remainder when 30 is divided by m?
8
Let w be 0/2 + -9 + 13. Suppose -w - 8 = -2*h. Suppose h*c = 3*c + 132. What is the remainder when c is divided by 15?
14
Let s(l) = -l**2 - 11*l - 7. Let h be s(-10). Suppose -2*u + 65 = h*u. Calculate the remainder when 24 is divided by u.
11
Let d = -3 + 6. Suppose -4*o + 6 = d*y, o + 0*o = -y + 1. Suppose -p + 109 = 3*l, o*l - p + 14 = 115. Calculate the remainder when l is divided by 12.
11
Let f(y) = y**2 + 12*y - 110. Calculate the remainder when 199 is divided by f(-20).
49
Let h(d) = -2*d**3 - 21*d**2 + 32*d - 29. Calculate the remainder when 113 is divided by h(-12).
18
Let j(o) = 197*o + 6. Suppose -4*b + 267 - 63 = 0. Calculate the remainder when j(1) is divided by b.
50
Suppose 0 = o + 4*o - 10. Let p = -111 - -113. Suppose o*m - p*f - 17 = f, 5*f = m - 5. What is the remainder when 18 is divided by m?
8
Suppose 31*f - 6141 = -38*f. What is the remainder when f is divided by 34?
21
Suppose 0 = -6*k - 18 - 30. What is the remainder when (k/6)/((-2)/129) is divided by 29?
28
Let c(v) = 1. Let t(m) = -3*m**2 + 3*m - 1. Let u(n) = -c(n) - t(n). What is the remainder when u(-3) is divided by 10?
6
Calculate the remainder when -8 - 632/(-80) - 511/(-10) is divided by 29.
22
Let n(u) = 9*u - 68. Let o be 5/(15/(-6)) + 6. Suppose 2*g = -4*d + g + 343, 0 = -5*d + o*g + 455. What is the remainder when d is divided by n(10)?
21
Let c(b) be the second derivative of b**5/20 + 3*b**4/4 + 13*b**3/6 - 9*b**2/2 - 4*b. Calculate the remainder when 166 is divided by c(-6).
19
Let u = -489 - -513. What is the remainder when u is divided by 5?
4
Let h(i) = -3*i + 3*i - 8*i. Let m be h(4). Let s = m + 57. Calculate the remainder when 74 is divided by s.
24
Suppose 62*a + 16 = 66*a. Suppose 2*u - o = -2*u + 165, 5*o + 111 = 3*u. Suppose -5*g = -2*g - u. Calculate the remainder when g is divided by a.
2
Suppose 3*r - 47 = 91. Let n = r + -32. Calculate the remainder when 27 is divided by n.
13
Suppose -r = -2*i - 52, 5*r - 349 + 45 = -i. What is the remainder when r is divided by 30?
0
Suppose -8*p + 26*p - 1278 = 0. What is the remainder when p is divided by 20?
11
Suppose -2*a = -a. Suppose -4*m - 5*i = -135 + 3, -2*m + 5*i + 66 = a. What is the remainder when m is divided by 9?
6
Let q = 4 - -21. Let